t common divisor of j and 6?
6
Let n(z) = 3*z**2 + 96*z + 22. Let w be n(-32). Let k(f) = 6*f + 2. Let m be k(7). Calculate the greatest common factor of w and m.
22
Let s = 11 - 32. Let f = 29 + s. What is the greatest common divisor of 4 and f?
4
Suppose 3*v - 77 = -4*x + 6*x, 5*x + 180 = -5*v. Let k = x - -56. Let g = k + -6. Calculate the greatest common divisor of 91 and g.
13
Let j(g) = 3*g**2 - 4*g + 84. Let t be j(0). What is the greatest common factor of 96 and t?
12
Suppose -2*f - 23 = -3*n, -n + 3*n - 2*f = 16. Calculate the highest common divisor of 2 and n.
1
Suppose 5*d - 23 = 57. What is the highest common divisor of d and 80?
16
Let i be -8*(-2 + 0 + 0). Suppose -i = 6*k - 10*k. Calculate the greatest common factor of k and 28.
4
Suppose -2*m - 78 = k, -5*m - 5*k + 180 = -10*m. Let c = -10 - m. Suppose -5*w = -9*w + 16. Calculate the highest common divisor of w and c.
4
Let k = 153 + -103. Let w = 134 - 84. Let y be (w/15)/((-4)/(-150)). What is the highest common divisor of y and k?
25
Let w(b) = b**3 - 19*b**2 - 15*b + 16. Let q be w(20). Let c = q - 44. What is the greatest common divisor of 18 and c?
18
Let s = -74 - -40. Let l = 41 + s. Suppose 3 = k + 2*k. Calculate the greatest common factor of l and k.
1
Let v(y) = -y**3 + 3*y**2 + 11*y. Let i = 23 + -18. Let x be v(i). Calculate the greatest common divisor of 2 and x.
1
Let t(h) = 23*h**3 + 2*h**2 - 1. Let j be t(1). Let w = 7007 - 6791. What is the greatest common divisor of w and j?
24
Let z = -1162 - -1169. What is the highest common factor of z and 1589?
7
Let n(b) = 6*b**2 - 14*b - 19. Let c be n(-4). What is the greatest common factor of 19 and c?
19
Let r(l) = 7*l**2 + 2*l + 1. Let j be r(-4). Let u be (-24)/12*84/(-8). Calculate the greatest common divisor of u and j.
21
Let y(x) = 5*x + 84. Let s be y(-6). What is the greatest common factor of s and 126?
18
Suppose 14*t - 350 - 1666 = 0. Calculate the greatest common divisor of t and 32.
16
Let y = -37 - -36. Let b be (-2)/(-13) + (-13575)/65*y. Calculate the greatest common factor of 19 and b.
19
Suppose 13351 + 861 = 34*g. Calculate the highest common factor of 38 and g.
38
Suppose -2*m + 3 - 5 = 0. Let o = m - -2. What is the greatest common factor of o and 1?
1
Suppose -3*z = 4*o - 4*z - 96, 4*o - 120 = -5*z. Calculate the greatest common divisor of 250 and o.
25
Let b(c) = c**2 + 10*c + 2. Let k be b(-10). Let w be (-2 + 12/10)/(6/(-135)). Calculate the greatest common factor of w and k.
2
Let s be ((-5)/4 + 12/48)*-3. Suppose -7*o - s*f - 44 = -9*o, 96 = 4*o - 2*f. What is the highest common divisor of 25 and o?
25
Let p = 46 + -33. Suppose -2*j - j - 7 = -f, 5*j + p = 3*f. Let x = 23 - 16. What is the highest common divisor of x and f?
1
Let p(t) = -3*t + 1. Suppose 0 = 4*x - 5*x - 3. Let j be p(x). Let i = -1126 - -1196. What is the greatest common factor of i and j?
10
Let l(f) = 25*f**2 + 58*f - 11. Let w be l(-5). Calculate the greatest common factor of w and 24.
12
Let t(a) = 150*a + 520. Let b be t(-2). Calculate the highest common factor of 20 and b.
20
Suppose 2*s + 2 = 4, 5*t + 4*s + 621 = 0. Let p = 521 + t. What is the greatest common factor of p and 36?
36
Suppose k = 3*y - 0*y + 32, 3*k = -y - 14. Let u(a) = a**3 + 6*a**2 + 3*a - 2. Let s be u(-4). Let v = s + y. What is the highest common factor of 14 and v?
7
Suppose -2*v = 2*v - 24. Let w(t) = t**2 - 1. Let p be w(-3). Calculate the greatest common divisor of v and p.
2
Suppose i - 9 = 3*g, -i - 2*g + 3*g = -5. Let f be i*(1 + 3/9). Let r = -58 - -102. What is the highest common divisor of r and f?
4
Suppose 0 = -6*x - 198 - 234. Let g = -24 - x. Suppose -5*u - 4*b = -g, -2*b = 2*u + b - 22. Calculate the greatest common factor of 80 and u.
8
Let y be 10/(-4) - (21/6 + -4). Let v(t) = -7*t + 1 - 7*t + 1. Let u be v(y). Calculate the highest common factor of 15 and u.
15
Suppose 27 = -5*c + 57. Suppose b - 3*v = 9, -7 = -b - 0*b + v. Calculate the greatest common divisor of c and b.
6
Suppose 10*k - 80 = 6*k. Suppose 20 = 21*i - k*i. What is the highest common factor of 30 and i?
10
Suppose -5*p + 56 = -3*b, -29*p + 30*p + b = 16. Let l be (-1)/(-2 + 3) - -14. What is the greatest common factor of l and p?
13
Let o = 474 + -453. What is the highest common divisor of 7 and o?
7
Suppose -f - 3*f = 120. Let z be (-16)/(-10) - 12/f. What is the highest common factor of z and 4?
2
Let a(m) = 13*m**2 - 28*m + 8. Let c be a(2). Calculate the highest common factor of 22 and c.
2
Suppose 2*j + 602 = 4*y, 161 = y + 5*j + 16. What is the highest common divisor of y and 480?
30
Suppose 0 = 6*h - 15*h + 621. Calculate the greatest common divisor of h and 345.
69
Let u = -1049 + 1223. What is the highest common factor of u and 145?
29
Let f(p) = -5*p**2 - 3*p + 9. Let h(q) = 6*q**2 + 3*q - 9. Let j(x) = -4*f(x) - 3*h(x). Let m be j(6). Calculate the highest common factor of 9 and m.
9
Let d = -28 - -58. Let o(b) = b**2 - 3*b - 6. Let m be o(6). Calculate the highest common factor of m and d.
6
Suppose 0*n = 6*n - 2*n. Suppose -41*y + 36*y + 300 = n. Calculate the greatest common factor of 48 and y.
12
Suppose -3*b + 1 = p, 42*p - 41*p + 19 = -8*b. Let h = -1 - 2. Let i(c) = 13*c**2 + 5*c + 2. Let j be i(h). Calculate the greatest common divisor of j and p.
13
Let o be 0/(-3) - (-116 - 1). Let q = o - 45. Calculate the highest common divisor of q and 8.
8
Suppose 2*l - m - 286 = 4*m, 3*l - 2*m = 451. Calculate the highest common factor of 102 and l.
51
Let b be 10/2 + 36/((-4)/(-1)). Calculate the greatest common divisor of b and 77.
7
Let i(a) be the third derivative of a**4/24 + 5*a**3/3 - 8*a**2. Let m be i(-9). What is the greatest common factor of 11 and m?
1
Let h = -123 - -113. Let v be (h/(-25) - (-686)/10)/1. What is the highest common factor of v and 92?
23
Let m be ((-3)/9)/(5/(-180)). Suppose 2*d = d + m. What is the greatest common factor of d and 3?
3
Suppose 32010 = 28*n + 9638. Calculate the highest common factor of n and 47.
47
Let w be 4/(-10) - 6/10. Let u = 3 + w. Suppose -3*a + y - 9 = -4*a, u*y = -3*a + 22. What is the greatest common divisor of a and 8?
4
Suppose -76*m + 176 = -68*m. What is the greatest common divisor of 110 and m?
22
Let w(n) = n**2 + 2*n + 3. Let x be w(0). Suppose x*v - u - 97 = 0, -u = -3*v - v + 129. Calculate the highest common factor of v and 4.
4
Suppose 0*g = -4*n - 3*g + 44, 0 = 3*n - g - 33. What is the highest common factor of n and 11?
11
Let j = -29 - -62. Let p = j + -12. Calculate the highest common divisor of 21 and p.
21
Suppose 0 = 11*d - 199 + 23. Let y be ((-16)/(-3))/(2/12). What is the greatest common divisor of y and d?
16
Suppose 0 = -2*y + 3 - 1. Let z = y - 0. What is the highest common factor of z and 1?
1
Let h be 30 - (4/(-22) + 92/22). Suppose 2*z - 2*w = -3*z + 327, -z - 3*w + 62 = 0. What is the greatest common factor of h and z?
13
Let d = -34 - -53. Suppose 0 = -4*t + 96 + 20. Let c = t - d. What is the highest common divisor of c and 100?
10
Suppose -k = 4*p - 183 + 25, 3*p = -3*k + 114. What is the greatest common factor of p and 25?
5
Suppose 301*g = 300*g + 350. What is the highest common divisor of 42 and g?
14
Let m(x) = x**3 - 16*x**2 - 18*x + 17. Let l be m(17). Suppose -2*g + 3*b + 51 = 0, l*g - 2*b = g - 15. What is the greatest common factor of g and 14?
7
Suppose -13 + 13 = 7*u. Suppose 14*l - 951 + 139 = u. What is the highest common divisor of 522 and l?
58
Let v(c) = -c**2 + 10*c. Let x be v(5). Let h(y) = y**3 + 25*y**2 - 86*y - 31. Let o be h(-28). Calculate the highest common divisor of o and x.
25
Suppose 5 = -0*j + j. Suppose -5*y = -3*p + 105, 4*p - 5*y + 55 = j*p. Suppose 7 + 17 = 3*f. What is the greatest common divisor of f and p?
8
Let j(a) = -41*a - 794. Let s be j(-21). What is the highest common divisor of s and 1?
1
Let a = 2 + 0. Suppose -2*v = a*j - 40, 5*j + 3*v - 7*v = 127. Suppose -8*n + 722 = 170. What is the highest common factor of j and n?
23
Suppose -33*x = -34*x. Suppose x = 44*h - 41*h - 120. What is the greatest common divisor of 5 and h?
5
Let w(i) = -10*i - 37. Let j be w(-5). What is the highest common divisor of 273 and j?
13
Let w(x) = 11*x - 330. Let i be w(49). Calculate the highest common divisor of 38 and i.
19
Let m = -231